s the remainder when 6892 is divided by 1544?
716
Calculate the remainder when 107 is divided by 5.
2
What is the remainder when 489 is divided by 14?
13
Calculate the remainder when 1786 is divided by 104.
18
Calculate the remainder when 39824 is divided by 6.
2
What is the remainder when 44054 is divided by 44053?
1
Calculate the remainder when 38325 is divided by 650.
625
What is the remainder when 7138 is divided by 698?
158
Calculate the remainder when 25702 is divided by 8563.
13
What is the remainder when 13531 is divided by 67?
64
Calculate the remainder when 23478 is divided by 30.
18
What is the remainder when 5464 is divided by 148?
136
Calculate the remainder when 3224 is divided by 25.
24
What is the remainder when 402013 is divided by 80402?
3
Calculate the remainder when 27619 is divided by 93.
91
Calculate the remainder when 96299 is divided by 783.
773
Calculate the remainder when 10908 is divided by 3572.
192
What is the remainder when 9255 is divided by 2?
1
What is the remainder when 461588 is divided by 114?
2
What is the remainder when 1555 is divided by 312?
307
Calculate the remainder when 14725 is divided by 184.
5
What is the remainder when 46966 is divided by 701?
700
Calculate the remainder when 1197631 is divided by 32.
31
What is the remainder when 150399 is divided by 36?
27
What is the remainder when 86401 is divided by 21598?
9
What is the remainder when 62375 is divided by 129?
68
Calculate the remainder when 662092 is divided by 331043.
6
What is the remainder when 1963 is divided by 632?
67
Calculate the remainder when 54638 is divided by 6070.
8
Calculate the remainder when 21616 is divided by 10760.
96
Calculate the remainder when 1158 is divided by 148.
122
What is the remainder when 1587 is divided by 378?
75
Calculate the remainder when 2981 is divided by 2758.
223
Calculate the remainder when 312505 is divided by 15.
10
What is the remainder when 47143 is divided by 2161?
1762
Calculate the remainder when 57005 is divided by 61.
31
Calculate the remainder when 28942 is divided by 28934.
8
Calculate the remainder when 292847 is divided by 187.
5
Calculate the remainder when 524794 is divided by 101.
99
Calculate the remainder when 3762 is divided by 38.
0
Calculate the remainder when 558 is divided by 523.
35
What is the remainder when 644838 is divided by 57?
54
Calculate the remainder when 90237 is divided by 394.
11
Calculate the remainder when 140916 is divided by 348.
324
What is the remainder when 1842829 is divided by 1246?
1241
Calculate the remainder when 4678563 is divided by 11.
10
Calculate the remainder when 5757 is divided by 17.
11
What is the remainder when 2277 is divided by 53?
51
Calculate the remainder when 158875 is divided by 9929.
11
Calculate the remainder when 71769 is divided by 12.
9
Calculate the remainder when 940031 is divided by 187.
169
Calculate the remainder when 54251 is divided by 227.
225
Calculate the remainder when 4102 is divided by 705.
577
Calculate the remainder when 42482 is divided by 1089.
11
Calculate the remainder when 1226 is divided by 33.
5
What is the remainder when 25629 is divided by 144?
141
Calculate the remainder when 44691 is divided by 17.
15
What is the remainder when 251944 is divided by 19379?
17
What is the remainder when 3643 is divided by 435?
163
What is the remainder when 537874 is divided by 70?
64
Calculate the remainder when 58052 is divided by 50.
2
What is the remainder when 46147 is divided by 113?
43
What is the remainder when 493 is divided by 160?
13
Calculate the remainder when 16956 is divided by 64.
60
What is the remainder when 4561 is divided by 194?
99
Calculate the remainder when 8705 is divided by 1242.
11
What is the remainder when 27511 is divided by 35?
1
Calculate the remainder when 239995 is divided by 34.
23
What is the remainder when 15346 is divided by 7195?
956
What is the remainder when 6603 is divided by 6?
3
What is the remainder when 3606 is divided by 1068?
402
What is the remainder when 258361 is divided by 1081?
2
Calculate the remainder when 155203 is divided by 155203.
0
What is the remainder when 354490 is divided by 20?
10
Calculate the remainder when 2545 is divided by 48.
1
Calculate the remainder when 6055 is divided by 75.
55
Calculate the remainder when 2631 is divided by 264.
255
What is the remainder when 1427 is divided by 1031?
396
What is the remainder when 432 is divided by 198?
36
Calculate the remainder when 7960 is divided by 1221.
634
Calculate the remainder when 53672 is divided by 444.
392
What is the remainder when 6223 is divided by 221?
35
Calculate the remainder when 83403 is divided by 26.
21
What is the remainder when 23892 is divided by 392?
372
What is the remainder when 92515 is divided by 75?
40
Calculate the remainder when 14447 is divided by 4733.
248
Calculate the remainder when 5986 is divided by 71.
22
Calculate the remainder when 1354 is divided by 271.
270
Calculate the remainder when 899 is divided by 191.
135
Calculate the remainder when 21695 is divided by 113.
112
What is the remainder when 55141 is divided by 84?
37
Calculate the remainder when 1815042 is divided by 27.
21
What is the remainder when 5604 is divided by 5593?
11
Calculate the remainder when 1319 is divided by 146.
5
What is the remainder when 129009 is divided by 266?
265
What is the remainder when 116744 is divided by 564?
560
What is the remainder when 90416 is divided by 47?
35
Calculate the remainder when 405 is divided by 15.
0
Calculate the remainder when 111198 is divided by 55593.
12
Calculate the remainder when 273877 is divided by 155.
147
What is the remainder when 479 is divided by 215?
49
What is the remainder when 25249 is divided by 202?
201
Calculate the remainder when 213328 is divided by 704.
16
Calculate the remainder when 1830 is divided by 512.
294
Calculate the remainder when 26465 is divided by 2637.
95
What is the remainder when 130028 is divided by 236?
228
What is the remainder when 99746 is divided by 99725?
21
What is the remainder when 6150 is divided by 5?
0
Calculate the remainder when 117113 is divided by 11.
7
Calculate the remainder when 146489 is divided by 1102.
1025
What is the remainder when 458157 is divided by 20?
17
Calculate the remainder when 29472 is divided by 769.
250
What is the remainder when 568836 is divided by 284412?
12
What is the remainder when 4882 is divided by 406?
10
Calculate the remainder when 3081 is divided by 1134.
813
Calculate the remainder when 2865 is divided by 89.
17
Calculate the remainder when 12846 is divided by 153.
147
Calculate the remainder when 97558 is divided by 109.
3
Calculate the remainder when 14294 is divided by 1098.
20
Calculate the remainder when 1983 is divided by 645.
48
Calculate the remainder when 2144 is divided by 22.
10
What is the remainder when 22073 is divided by 22?
7
Calculate the remainder when 27100 is divided by 13547.
6
What is the remainder when 56660 is divided by 36?
32
What is the remainder when 1669562 is divided by 9?
8
Calculate the remainder when 64756 is divided by 1750.
6
What is the remainder when 8034 is divided by 504?
474
Calculate the remainder when 938 is divided by 80.
58
What is the remainder when 161178 is divided by 99?
6
Calculate the remainder when 13510 is divided by 140.
70
Calculate the remainder when 2736 is divided by 11.
8
Calculate the remainder when 26070 is divided by 3258.
6
What is the remainder when 220465 is divided by 15?
10
What is the remainder when 190781 is divided by 63?
17
What is the remainder when 510821 is divided by 170254?
59
Calculate the remainder when 615206 is divided by 61518.
26
Calculate the remainder when 3379 is divided by 240.
19
What is the remainder when 7108 is divided by 375?
358
Calculate the remainder when 89230 is divided by 8.
6
Calculate the remainder when 32320 is divided by 18.
10
What is the remainder when 4666 is divided by 43?
22
What is the remainder when 99292 is divided by 67?
65
Calculate the remainder when 215575 is divided by 1067.
41
What is the remainder when 299614 is divided by 2?
0
What is the remainder when 10241 is divided by 233?
222
What is the remainder when 18996 is divided by 51?
24
Calculate the remainde